{"id":13,"date":"2013-08-15T11:48:24","date_gmt":"2013-08-15T14:48:24","guid":{"rendered":"http:\/\/www.rijopallets.com\/site\/?page_id=13"},"modified":"2022-11-30T10:43:37","modified_gmt":"2022-11-30T13:43:37","slug":"empresa","status":"publish","type":"page","link":"http:\/\/www.rijopallets.com\/site\/empresa\/","title":{"rendered":"Empresa"},"content":{"rendered":"<p>[et_pb_section fb_built=&#8221;1&#8243; admin_label=&#8221;section&#8221; _builder_version=&#8221;3.22&#8243; global_colors_info=&#8221;{}&#8221;][et_pb_row admin_label=&#8221;row&#8221; module_class=&#8221; et_pb_row_fullwidth&#8221; _builder_version=&#8221;3.25&#8243; background_size=&#8221;initial&#8221; background_position=&#8221;top_left&#8221; background_repeat=&#8221;repeat&#8221; width=&#8221;94%&#8221; width_tablet=&#8221;80%&#8221; width_phone=&#8221;80%&#8221; width_last_edited=&#8221;on|desktop&#8221; max_width=&#8221;94%&#8221; max_width_tablet=&#8221;80%&#8221; max_width_phone=&#8221;80%&#8221; max_width_last_edited=&#8221;on|desktop&#8221; make_fullwidth=&#8221;on&#8221; global_colors_info=&#8221;{}&#8221;][et_pb_column type=&#8221;4_4&#8243; _builder_version=&#8221;3.25&#8243; custom_padding=&#8221;|||&#8221; global_colors_info=&#8221;{}&#8221; custom_padding__hover=&#8221;|||&#8221;][et_pb_post_title meta=&#8221;off&#8221; featured_image=&#8221;off&#8221; admin_label=&#8221;T\u00edtulo de publicaci\u00f3n&#8221; _builder_version=&#8221;3.0.74&#8243; title_font=&#8221;|on|||&#8221; title_font_size=&#8221;36px&#8221; title_line_height=&#8221;0&#8243; global_colors_info=&#8221;{}&#8221;][\/et_pb_post_title][et_pb_image src=&#8221;http:\/\/www.rijopallets.com\/site\/wp-content\/uploads\/2022\/11\/22154.png&#8221; title_text=&#8221;22154&#8243; force_fullwidth=&#8221;on&#8221; align_tablet=&#8221;center&#8221; align_phone=&#8221;center&#8221; align_last_edited=&#8221;on|desktop&#8221; admin_label=&#8221;Imagen&#8221; _builder_version=&#8221;4.14.7&#8243; animation_style=&#8221;slide&#8221; animation_direction=&#8221;left&#8221; animation_duration=&#8221;500ms&#8221; animation_intensity_slide=&#8221;10%&#8221; global_colors_info=&#8221;{}&#8221;][\/et_pb_image][\/et_pb_column][\/et_pb_row][et_pb_row column_structure=&#8221;1_2,1_2&#8243; admin_label=&#8221;Fila&#8221; module_class=&#8221; et_pb_row_fullwidth&#8221; _builder_version=&#8221;3.25&#8243; background_size=&#8221;initial&#8221; background_position=&#8221;top_left&#8221; background_repeat=&#8221;repeat&#8221; width=&#8221;94%&#8221; width_tablet=&#8221;80%&#8221; width_phone=&#8221;80%&#8221; width_last_edited=&#8221;on|desktop&#8221; max_width=&#8221;94%&#8221; max_width_tablet=&#8221;80%&#8221; max_width_phone=&#8221;80%&#8221; max_width_last_edited=&#8221;on|desktop&#8221; make_fullwidth=&#8221;on&#8221; use_custom_width=&#8221;off&#8221; width_unit=&#8221;on&#8221; global_colors_info=&#8221;{}&#8221;][et_pb_column type=&#8221;1_2&#8243; _builder_version=&#8221;3.25&#8243; custom_padding=&#8221;|||&#8221; global_colors_info=&#8221;{}&#8221; custom_padding__hover=&#8221;|||&#8221;][et_pb_text admin_label=&#8221;Texto&#8221; _builder_version=&#8221;4.14.7&#8243; background_size=&#8221;initial&#8221; background_position=&#8221;top_left&#8221; background_repeat=&#8221;repeat&#8221; use_border_color=&#8221;off&#8221; border_color=&#8221;#ffffff&#8221; border_style=&#8221;solid&#8221; global_colors_info=&#8221;{}&#8221;]<\/p>\n<p>Rijo Pallets RIO AVENTURA S.A., fue fundada en 1958. La actividad principal consiste en la fabricaci\u00f3n de pallets de madera, tanto est\u00e1ndar como medidas especiales adaptados a las necesidades concretas de cada cliente. Esta actividad se complementa con la fabricaci\u00f3n de cajones, bins, bobinas y todo tipo de embalajes de madera.<\/p>\n<p>[\/et_pb_text][et_pb_image src=&#8221;http:\/\/www.rijopallets.com\/site\/wp-content\/uploads\/2022\/11\/021245715121.jpg&#8221; title_text=&#8221;021245715121&#8243; align_tablet=&#8221;center&#8221; align_phone=&#8221;center&#8221; align_last_edited=&#8221;on|desktop&#8221; admin_label=&#8221;Imagen&#8221; _builder_version=&#8221;4.14.7&#8243; animation_style=&#8221;slide&#8221; animation_direction=&#8221;left&#8221; animation_duration=&#8221;500ms&#8221; animation_intensity_slide=&#8221;10%&#8221; use_border_color=&#8221;off&#8221; border_color=&#8221;#ffffff&#8221; border_style=&#8221;solid&#8221; animation=&#8221;left&#8221; sticky=&#8221;off&#8221; always_center_on_mobile=&#8221;on&#8221; global_colors_info=&#8221;{}&#8221;][\/et_pb_image][\/et_pb_column][et_pb_column type=&#8221;1_2&#8243; _builder_version=&#8221;3.25&#8243; custom_padding=&#8221;|||&#8221; global_colors_info=&#8221;{}&#8221; custom_padding__hover=&#8221;|||&#8221;][et_pb_image src=&#8221;http:\/\/www.rijopallets.com\/site\/wp-content\/uploads\/2022\/11\/02154811.jpg&#8221; title_text=&#8221;02154811&#8243; force_fullwidth=&#8221;on&#8221; align_tablet=&#8221;center&#8221; align_phone=&#8221;center&#8221; align_last_edited=&#8221;on|desktop&#8221; admin_label=&#8221;Imagen&#8221; _builder_version=&#8221;4.14.7&#8243; animation_style=&#8221;fade&#8221; animation_duration=&#8221;300ms&#8221; use_border_color=&#8221;off&#8221; border_color=&#8221;#ffffff&#8221; border_style=&#8221;solid&#8221; animation=&#8221;fade_in&#8221; sticky=&#8221;off&#8221; always_center_on_mobile=&#8221;on&#8221; global_colors_info=&#8221;{}&#8221;][\/et_pb_image][et_pb_text admin_label=&#8221;Texto&#8221; _builder_version=&#8221;4.14.7&#8243; background_size=&#8221;initial&#8221; background_position=&#8221;top_left&#8221; background_repeat=&#8221;repeat&#8221; use_border_color=&#8221;off&#8221; border_color=&#8221;#ffffff&#8221; border_style=&#8221;solid&#8221; global_colors_info=&#8221;{}&#8221;]<\/p>\n<p>RIJO PALLETS es una importante organizaci\u00f3n en el mercado y goza de gran prestigio y credibilidad por su continuo af\u00e1n de superaci\u00f3n, por la confianza de sus clientes, por un servicio integral y por la calidad de todos sus productos.<\/p>\n<p>Nuestra empresa a poco de sus inicios se convirti\u00f3 en una de las principales proveedoras de pallets y cajones de las m\u00e1s grandes empresas exportadoras de nuestro pa\u00eds.<\/p>\n<p>[\/et_pb_text][\/et_pb_column][\/et_pb_row][et_pb_row _builder_version=&#8221;4.14.7&#8243; _module_preset=&#8221;default&#8221; global_colors_info=&#8221;{}&#8221;][et_pb_column type=&#8221;4_4&#8243; _builder_version=&#8221;4.14.7&#8243; _module_preset=&#8221;default&#8221; global_colors_info=&#8221;{}&#8221;][et_pb_text _builder_version=&#8221;4.14.7&#8243; _module_preset=&#8221;default&#8221; custom_padding=&#8221;20px|20px|20px|20px|false|false&#8221; border_radii=&#8221;on|10px|10px|10px|10px&#8221; border_width_all=&#8221;1px&#8221; box_shadow_style=&#8221;preset3&#8243; global_colors_info=&#8221;{}&#8221;]<\/p>\n<p>Nuestros pilares se fundamentan en que estamos convencidos que, con un equipo humano profesional calificado y un contacto directo y personal con nuestros clientes, obtendremos un servicio \u00f3ptimo.<\/p>\n<p>En nuestras instalaciones mantenemos un stock permanente de pallets y cajones de todo tipo, con el fin de cubrir cualquier necesidad de paletizaci\u00f3n que precisen.<\/p>\n<p>[\/et_pb_text][\/et_pb_column][\/et_pb_row][et_pb_row admin_label=&#8221;Fila&#8221; module_class=&#8221; et_pb_row_fullwidth&#8221; _builder_version=&#8221;3.25&#8243; background_size=&#8221;initial&#8221; background_position=&#8221;top_left&#8221; background_repeat=&#8221;repeat&#8221; width=&#8221;94%&#8221; width_tablet=&#8221;80%&#8221; width_phone=&#8221;80%&#8221; width_last_edited=&#8221;on|desktop&#8221; max_width=&#8221;94%&#8221; max_width_tablet=&#8221;80%&#8221; max_width_phone=&#8221;80%&#8221; max_width_last_edited=&#8221;on|desktop&#8221; make_fullwidth=&#8221;on&#8221; use_custom_width=&#8221;off&#8221; width_unit=&#8221;on&#8221; global_colors_info=&#8221;{}&#8221;][et_pb_column type=&#8221;4_4&#8243; _builder_version=&#8221;3.25&#8243; custom_padding=&#8221;|||&#8221; global_colors_info=&#8221;{}&#8221; custom_padding__hover=&#8221;|||&#8221;][et_pb_image src=&#8221;http:\/\/www.rijopallets.com\/site\/wp-content\/uploads\/2022\/11\/21215454.jpg&#8221; title_text=&#8221;21215454&#8243; force_fullwidth=&#8221;on&#8221; align_tablet=&#8221;center&#8221; align_phone=&#8221;center&#8221; align_last_edited=&#8221;on|desktop&#8221; admin_label=&#8221;Imagen&#8221; _builder_version=&#8221;4.14.7&#8243; use_border_color=&#8221;off&#8221; border_color=&#8221;#ffffff&#8221; border_style=&#8221;solid&#8221; animation=&#8221;off&#8221; sticky=&#8221;off&#8221; always_center_on_mobile=&#8221;on&#8221; global_colors_info=&#8221;{}&#8221;][\/et_pb_image][et_pb_text admin_label=&#8221;Texto&#8221; _builder_version=&#8221;4.14.7&#8243; background_size=&#8221;initial&#8221; background_position=&#8221;top_left&#8221; background_repeat=&#8221;repeat&#8221; use_border_color=&#8221;off&#8221; border_color=&#8221;#ffffff&#8221; border_style=&#8221;solid&#8221; global_colors_info=&#8221;{}&#8221;]<\/p>\n<p>Disponemos tambi\u00e9n de una nueva maquinaria automatizada adecuada para fabricar pallets a la medida que nos demanden, no importa tipo ni tama\u00f1o ni carga a soportar.<\/p>\n<p>Los principales objetivos de nuestra empresa son la Puntualidad, Calidad y Servicio.<br \/>Desde 1958 estamos trabajando para que RIJO PALLETS sea considerada, como lo es actualmente, una de las empresas referentes de nuestro pa\u00eds y con prestigio nacional a la hora de desarrollar y proyectar todo tipo de embalajes que sus mercanc\u00edas requieran: embalajes terrestres, mar\u00edtimos y a\u00e9reos.<\/p>\n<p>Naturalmente disponemos de la tecnolog\u00eda necesaria, para que los embalajes que fabricamos protejan sus productos y la imagen de marca que los avala. Usted encontrara en nosotros calidad, responsabilidad y puntualidad en las entregas.<br \/>Perm\u00edtannos servirle y olv\u00eddese de sus problemas de envases, por algo somos proveedores de las m\u00e1s importantes empresas de nuestro medio, desde hace 50 a\u00f1os (y pronto, seguramente de la suya tambi\u00e9n).<\/p>\n<p>[\/et_pb_text][\/et_pb_column][\/et_pb_row][et_pb_row _builder_version=&#8221;4.14.7&#8243; _module_preset=&#8221;default&#8221;][et_pb_column _builder_version=&#8221;4.14.7&#8243; _module_preset=&#8221;default&#8221; type=&#8221;4_4&#8243;][et_pb_image src=&#8221;http:\/\/www.rijopallets.com\/site\/wp-content\/uploads\/2022\/11\/215458874120.png&#8221; _builder_version=&#8221;4.14.7&#8243; _module_preset=&#8221;default&#8221; title_text=&#8221;215458874120&#8243; align=&#8221;center&#8221; hover_enabled=&#8221;0&#8243; sticky_enabled=&#8221;0&#8243;][\/et_pb_image][\/et_pb_column][\/et_pb_row][\/et_pb_section]<\/p>\n","protected":false},"excerpt":{"rendered":"<p>Rijo Pallets RIO AVENTURA S.A., fue fundada en 1958. La actividad principal consiste en la fabricaci\u00f3n de pallets de madera, tanto est\u00e1ndar como medidas especiales adaptados a las necesidades concretas de cada cliente. Esta actividad se complementa con la fabricaci\u00f3n de cajones, bins, bobinas y todo tipo de embalajes de madera.RIJO PALLETS es una importante [&hellip;]<\/p>\n","protected":false},"author":1,"featured_media":0,"parent":0,"menu_order":5,"comment_status":"closed","ping_status":"closed","template":"","meta":{"_et_pb_use_builder":"on","_et_pb_old_content":"","_et_gb_content_width":"","footnotes":""},"class_list":["post-13","page","type-page","status-publish","hentry"],"_links":{"self":[{"href":"http:\/\/www.rijopallets.com\/site\/wp-json\/wp\/v2\/pages\/13"}],"collection":[{"href":"http:\/\/www.rijopallets.com\/site\/wp-json\/wp\/v2\/pages"}],"about":[{"href":"http:\/\/www.rijopallets.com\/site\/wp-json\/wp\/v2\/types\/page"}],"author":[{"embeddable":true,"href":"http:\/\/www.rijopallets.com\/site\/wp-json\/wp\/v2\/users\/1"}],"replies":[{"embeddable":true,"href":"http:\/\/www.rijopallets.com\/site\/wp-json\/wp\/v2\/comments?post=13"}],"version-history":[{"count":36,"href":"http:\/\/www.rijopallets.com\/site\/wp-json\/wp\/v2\/pages\/13\/revisions"}],"predecessor-version":[{"id":384,"href":"http:\/\/www.rijopallets.com\/site\/wp-json\/wp\/v2\/pages\/13\/revisions\/384"}],"wp:attachment":[{"href":"http:\/\/www.rijopallets.com\/site\/wp-json\/wp\/v2\/media?parent=13"}],"curies":[{"name":"wp","href":"https:\/\/api.w.org\/{rel}","templated":true}]}}