{"id":5,"date":"2013-08-15T11:46:22","date_gmt":"2013-08-15T14:46:22","guid":{"rendered":"http:\/\/www.rijopallets.com\/site\/?page_id=5"},"modified":"2022-11-30T10:13:59","modified_gmt":"2022-11-30T13:13:59","slug":"productos","status":"publish","type":"page","link":"http:\/\/www.rijopallets.com\/site\/productos\/","title":{"rendered":"Productos"},"content":{"rendered":"<p>[et_pb_section fb_built=&#8221;1&#8243; admin_label=&#8221;section&#8221; _builder_version=&#8221;3.22&#8243; global_colors_info=&#8221;{}&#8221;][et_pb_row admin_label=&#8221;row&#8221; module_class=&#8221; et_pb_row_fullwidth&#8221; _builder_version=&#8221;3.25&#8243; background_size=&#8221;initial&#8221; background_position=&#8221;top_left&#8221; background_repeat=&#8221;repeat&#8221; width=&#8221;94%&#8221; width_tablet=&#8221;80%&#8221; width_phone=&#8221;80%&#8221; width_last_edited=&#8221;on|desktop&#8221; max_width=&#8221;94%&#8221; max_width_tablet=&#8221;80%&#8221; max_width_phone=&#8221;80%&#8221; max_width_last_edited=&#8221;on|desktop&#8221; make_fullwidth=&#8221;on&#8221; global_colors_info=&#8221;{}&#8221;][et_pb_column type=&#8221;4_4&#8243; _builder_version=&#8221;3.25&#8243; custom_padding=&#8221;|||&#8221; global_colors_info=&#8221;{}&#8221; custom_padding__hover=&#8221;|||&#8221;][et_pb_slider show_arrows=&#8221;off&#8221; show_pagination=&#8221;off&#8221; admin_label=&#8221;Deslizador&#8221; _builder_version=&#8221;4.14.7&#8243; header_font_size=&#8221;30&#8243; header_line_height=&#8221;1.9em&#8221; body_font_size=&#8221;15&#8243; body_line_height=&#8221;2em&#8221; background_size=&#8221;initial&#8221; custom_padding=&#8221;30px|0px|40px|0px&#8221; custom_padding_tablet=&#8221;|||&#8221; custom_padding_phone=&#8221;|||&#8221; hover_enabled=&#8221;0&#8243; box_shadow_style=&#8221;preset6&#8243; box_shadow_blur=&#8221;10px&#8221; box_shadow_color=&#8221;rgba(0,0,0,0.1)&#8221; top_padding=&#8221;30px&#8221; bottom_padding=&#8221;40px&#8221; show_inner_shadow=&#8221;on&#8221; global_colors_info=&#8221;{}&#8221; button_text_size__hover_enabled=&#8221;off&#8221; button_one_text_size__hover_enabled=&#8221;off&#8221; button_two_text_size__hover_enabled=&#8221;off&#8221; button_text_color__hover_enabled=&#8221;off&#8221; button_one_text_color__hover_enabled=&#8221;off&#8221; button_two_text_color__hover_enabled=&#8221;off&#8221; button_border_width__hover_enabled=&#8221;off&#8221; button_one_border_width__hover_enabled=&#8221;off&#8221; button_two_border_width__hover_enabled=&#8221;off&#8221; button_border_color__hover_enabled=&#8221;off&#8221; button_one_border_color__hover_enabled=&#8221;off&#8221; button_two_border_color__hover_enabled=&#8221;off&#8221; button_border_radius__hover_enabled=&#8221;off&#8221; button_one_border_radius__hover_enabled=&#8221;off&#8221; button_two_border_radius__hover_enabled=&#8221;off&#8221; button_letter_spacing__hover_enabled=&#8221;off&#8221; button_one_letter_spacing__hover_enabled=&#8221;off&#8221; button_two_letter_spacing__hover_enabled=&#8221;off&#8221; button_bg_color__hover_enabled=&#8221;off&#8221; button_one_bg_color__hover_enabled=&#8221;off&#8221; button_two_bg_color__hover_enabled=&#8221;off&#8221; sticky_enabled=&#8221;0&#8243;][et_pb_slide heading=&#8221;PRODUCTOS&#8221; use_bg_overlay=&#8221;on&#8221; bg_overlay_color=&#8221;rgba(0,0,0,0.51)&#8221; use_text_overlay=&#8221;on&#8221; text_overlay_color=&#8221;rgba(226,93,0,0.61)&#8221; text_border_radius=&#8221;5&#8243; _builder_version=&#8221;4.14.7&#8243; header_font=&#8221;||||&#8221; body_font=&#8221;||||&#8221; body_font_size=&#8221;17&#8243; background_color=&#8221;#ffffff&#8221; background_image=&#8221;http:\/\/www.rijopallets.com\/site\/wp-content\/uploads\/2013\/08\/Productos.jpg&#8221; background_size=&#8221;initial&#8221; button_icon_placement=&#8221;right&#8221; button_on_hover=&#8221;on&#8221; hover_enabled=&#8221;0&#8243; header_line_height_tablet=&#8221;1.1em&#8221; header_line_height_phone=&#8221;1.1em&#8221; body_font_size_tablet=&#8221;17&#8243; body_font_size_phone=&#8221;17&#8243; global_colors_info=&#8221;{}&#8221; button_text_size__hover_enabled=&#8221;off&#8221; button_one_text_size__hover_enabled=&#8221;off&#8221; button_two_text_size__hover_enabled=&#8221;off&#8221; button_text_color__hover_enabled=&#8221;off&#8221; button_one_text_color__hover_enabled=&#8221;off&#8221; button_two_text_color__hover_enabled=&#8221;off&#8221; button_border_width__hover_enabled=&#8221;off&#8221; button_one_border_width__hover_enabled=&#8221;off&#8221; button_two_border_width__hover_enabled=&#8221;off&#8221; button_border_color__hover_enabled=&#8221;off&#8221; button_one_border_color__hover_enabled=&#8221;off&#8221; button_two_border_color__hover_enabled=&#8221;off&#8221; button_border_radius__hover_enabled=&#8221;off&#8221; button_one_border_radius__hover_enabled=&#8221;off&#8221; button_two_border_radius__hover_enabled=&#8221;off&#8221; button_letter_spacing__hover_enabled=&#8221;off&#8221; button_one_letter_spacing__hover_enabled=&#8221;off&#8221; button_two_letter_spacing__hover_enabled=&#8221;off&#8221; button_bg_color__hover_enabled=&#8221;off&#8221; button_one_bg_color__hover_enabled=&#8221;off&#8221; button_two_bg_color__hover_enabled=&#8221;off&#8221; sticky_transition=&#8221;on&#8221; sticky_enabled=&#8221;0&#8243;]<\/p>\n<ul>\n<li style=\"text-align: left;\">Pallets standard y a medida.<\/li>\n<li style=\"text-align: left;\">Cajones para Exportaci\u00f3n.<\/li>\n<li style=\"text-align: left;\">Cajones para m\u00e1quinas.<\/li>\n<li style=\"text-align: left;\">Cajones para la construcci\u00f3n.<\/li>\n<li style=\"text-align: left;\">Cajones tipo racks.<\/li>\n<li style=\"text-align: left;\">Cajones tipo jaulas.<\/li>\n<li style=\"text-align: left;\">Maderas: de pino Elliotis y\/o Taeda secada a horno para carpinter\u00eda.<\/li>\n<li style=\"text-align: left;\">Aserraje de maderas nacionales.<\/li>\n<li style=\"text-align: left;\">En envases de madera lo que usted necesite.<\/li>\n<li style=\"text-align: left;\">F\u00e1brica de briquetas ECOLE\u00d1A : <a href=\"http:\/\/www.ecolenas.com\">www.ecolenas.com<\/a><\/li>\n<li style=\"text-align: left;\">Servicio de tratamiento t\u00e9rmico (HT), norma NIMF15<\/li>\n<\/ul>\n<p>[\/et_pb_slide][\/et_pb_slider][\/et_pb_column][\/et_pb_row][et_pb_row admin_label=&#8221;Fila&#8221; module_class=&#8221; et_pb_row_fullwidth&#8221; _builder_version=&#8221;3.25&#8243; background_size=&#8221;initial&#8221; background_position=&#8221;top_left&#8221; background_repeat=&#8221;repeat&#8221; width=&#8221;94%&#8221; width_tablet=&#8221;80%&#8221; width_phone=&#8221;80%&#8221; width_last_edited=&#8221;on|desktop&#8221; max_width=&#8221;94%&#8221; max_width_tablet=&#8221;80%&#8221; max_width_phone=&#8221;80%&#8221; max_width_last_edited=&#8221;on|desktop&#8221; make_fullwidth=&#8221;on&#8221; global_colors_info=&#8221;{}&#8221;][et_pb_column type=&#8221;4_4&#8243; _builder_version=&#8221;3.25&#8243; custom_padding=&#8221;|||&#8221; global_colors_info=&#8221;{}&#8221; custom_padding__hover=&#8221;|||&#8221;][et_pb_contact_form title=&#8221;Consulta Productos&#8221; admin_label=&#8221;Formulario de contacto&#8221; module_id=&#8221;et_pb_contact_form_0&#8243; _builder_version=&#8221;4.13.1&#8243; _unique_id=&#8221;72223cd9-27e8-4dbd-abed-362ad7eb1bcc&#8221; border_width_all=&#8221;1px&#8221; border_color_all=&#8221;#dedede&#8221; border_style_all=&#8221;solid&#8221; use_border_color=&#8221;on&#8221; border_color=&#8221;#dedede&#8221; global_colors_info=&#8221;{}&#8221;][et_pb_contact_field field_id=&#8221;Nombre&#8221; field_title=&#8221;Nombre&#8221; _builder_version=&#8221;3.16&#8243; form_field_font=&#8221;||||&#8221; use_border_color=&#8221;off&#8221; global_colors_info=&#8221;{}&#8221; button_text_size__hover_enabled=&#8221;off&#8221; button_one_text_size__hover_enabled=&#8221;off&#8221; button_two_text_size__hover_enabled=&#8221;off&#8221; button_text_color__hover_enabled=&#8221;off&#8221; button_one_text_color__hover_enabled=&#8221;off&#8221; button_two_text_color__hover_enabled=&#8221;off&#8221; button_border_width__hover_enabled=&#8221;off&#8221; button_one_border_width__hover_enabled=&#8221;off&#8221; button_two_border_width__hover_enabled=&#8221;off&#8221; button_border_color__hover_enabled=&#8221;off&#8221; button_one_border_color__hover_enabled=&#8221;off&#8221; button_two_border_color__hover_enabled=&#8221;off&#8221; button_border_radius__hover_enabled=&#8221;off&#8221; button_one_border_radius__hover_enabled=&#8221;off&#8221; button_two_border_radius__hover_enabled=&#8221;off&#8221; button_letter_spacing__hover_enabled=&#8221;off&#8221; button_one_letter_spacing__hover_enabled=&#8221;off&#8221; button_two_letter_spacing__hover_enabled=&#8221;off&#8221; button_bg_color__hover_enabled=&#8221;off&#8221; button_one_bg_color__hover_enabled=&#8221;off&#8221; button_two_bg_color__hover_enabled=&#8221;off&#8221;][\/et_pb_contact_field][et_pb_contact_field field_id=&#8221;Email&#8221; field_title=&#8221;Direcci\u00f3n de correo electr\u00f3nico&#8221; field_type=&#8221;email&#8221; _builder_version=&#8221;3.16&#8243; form_field_font=&#8221;||||&#8221; use_border_color=&#8221;off&#8221; global_colors_info=&#8221;{}&#8221; button_text_size__hover_enabled=&#8221;off&#8221; button_one_text_size__hover_enabled=&#8221;off&#8221; button_two_text_size__hover_enabled=&#8221;off&#8221; button_text_color__hover_enabled=&#8221;off&#8221; button_one_text_color__hover_enabled=&#8221;off&#8221; button_two_text_color__hover_enabled=&#8221;off&#8221; button_border_width__hover_enabled=&#8221;off&#8221; button_one_border_width__hover_enabled=&#8221;off&#8221; button_two_border_width__hover_enabled=&#8221;off&#8221; button_border_color__hover_enabled=&#8221;off&#8221; button_one_border_color__hover_enabled=&#8221;off&#8221; button_two_border_color__hover_enabled=&#8221;off&#8221; button_border_radius__hover_enabled=&#8221;off&#8221; button_one_border_radius__hover_enabled=&#8221;off&#8221; button_two_border_radius__hover_enabled=&#8221;off&#8221; button_letter_spacing__hover_enabled=&#8221;off&#8221; button_one_letter_spacing__hover_enabled=&#8221;off&#8221; button_two_letter_spacing__hover_enabled=&#8221;off&#8221; button_bg_color__hover_enabled=&#8221;off&#8221; button_one_bg_color__hover_enabled=&#8221;off&#8221; button_two_bg_color__hover_enabled=&#8221;off&#8221;][\/et_pb_contact_field][et_pb_contact_field field_id=&#8221;Mensaje&#8221; field_title=&#8221;Mensaje&#8221; field_type=&#8221;text&#8221; fullwidth_field=&#8221;on&#8221; _builder_version=&#8221;3.16&#8243; form_field_font=&#8221;||||&#8221; use_border_color=&#8221;off&#8221; global_colors_info=&#8221;{}&#8221; button_text_size__hover_enabled=&#8221;off&#8221; button_one_text_size__hover_enabled=&#8221;off&#8221; button_two_text_size__hover_enabled=&#8221;off&#8221; button_text_color__hover_enabled=&#8221;off&#8221; button_one_text_color__hover_enabled=&#8221;off&#8221; button_two_text_color__hover_enabled=&#8221;off&#8221; button_border_width__hover_enabled=&#8221;off&#8221; button_one_border_width__hover_enabled=&#8221;off&#8221; button_two_border_width__hover_enabled=&#8221;off&#8221; button_border_color__hover_enabled=&#8221;off&#8221; button_one_border_color__hover_enabled=&#8221;off&#8221; button_two_border_color__hover_enabled=&#8221;off&#8221; button_border_radius__hover_enabled=&#8221;off&#8221; button_one_border_radius__hover_enabled=&#8221;off&#8221; button_two_border_radius__hover_enabled=&#8221;off&#8221; button_letter_spacing__hover_enabled=&#8221;off&#8221; button_one_letter_spacing__hover_enabled=&#8221;off&#8221; button_two_letter_spacing__hover_enabled=&#8221;off&#8221; button_bg_color__hover_enabled=&#8221;off&#8221; button_one_bg_color__hover_enabled=&#8221;off&#8221; button_two_bg_color__hover_enabled=&#8221;off&#8221;][\/et_pb_contact_field][\/et_pb_contact_form][\/et_pb_column][\/et_pb_row][\/et_pb_section]<\/p>\n","protected":false},"excerpt":{"rendered":"<p>Pallets standard y a medida. Cajones para Exportaci\u00f3n. Cajones para m\u00e1quinas. Cajones para la construcci\u00f3n. Cajones tipo racks. Cajones tipo jaulas. Maderas: de pino Elliotis y\/o Taeda secada a horno para carpinter\u00eda. Aserraje de maderas nacionales. En envases de madera lo que usted necesite. F\u00e1brica de briquetas ECOLE\u00d1A : www.ecolenas.com Servicio de tratamiento t\u00e9rmico (HT), [&hellip;]<\/p>\n","protected":false},"author":1,"featured_media":0,"parent":0,"menu_order":1,"comment_status":"closed","ping_status":"closed","template":"","meta":{"_et_pb_use_builder":"on","_et_pb_old_content":"[et_pb_section fb_built=\"1\" admin_label=\"section\"][et_pb_row admin_label=\"row\" make_fullwidth=\"on\"][et_pb_column type=\"4_4\" parallax=\"off\" parallax_method=\"on\"][et_pb_slider show_arrows=\"off\" show_pagination=\"off\" background_size=\"initial\" top_padding=\"30px\" bottom_padding=\"40px\" admin_label=\"Deslizador\" header_font_size=\"30\" header_line_height=\"1.9em\" body_font_size=\"15\" body_line_height=\"2em\"][et_pb_slide heading=\"PRODUCTOS\" background_image=\"http:\/\/www.rijopallets.com\/site\/wp-content\/uploads\/2013\/08\/Productos.jpg\" background_position=\"center\" background_size=\"initial\" use_bg_overlay=\"on\" bg_overlay_color=\"rgba(0,0,0,0.51)\" use_text_overlay=\"on\" text_overlay_color=\"rgba(114,158,69,0.69)\" text_border_radius=\"5\" header_font=\"||||\" header_line_height_tablet=\"1.1em\" header_line_height_phone=\"1.1em\" body_font=\"||||\" body_font_size=\"17\" body_font_size_tablet=\"17\" body_font_size_phone=\"17\" custom_button=\"off\" button_icon_placement=\"right\" button_on_hover=\"on\"]<ul>\n<li style=\"text-align: left;\">Maderas: de pino Elliotis y\/o Taeda secada a horno para carpinter\u00eda.<\/li>\n<li style=\"text-align: left;\">Cajones para Exportaci\u00f3n.<\/li>\n<li style=\"text-align: left;\">Bobinas.<\/li>\n<li style=\"text-align: left;\">Cajones para la construcci\u00f3n.<\/li>\n<li style=\"text-align: left;\">Aserraje de maderas nacionales.<\/li>\n<li style=\"text-align: left;\">Envases de madera: lo que usted necesite en envases de madera en todas sus formas y medidas.<\/li>\n<li style=\"text-align: left;\">Pallets y Racks.<\/li>\n<li style=\"text-align: left;\">Para uso interno y\/o exportaci\u00f3n, armados y\/o desarmados.<\/li>\n<\/ul>\n[\/et_pb_slide][\/et_pb_slider][\/et_pb_column][\/et_pb_row][et_pb_row admin_label=\"Fila\" make_fullwidth=\"on\"][et_pb_column type=\"4_4\" parallax=\"off\" parallax_method=\"on\"][et_pb_contact_form title=\"Consulta Productos\" admin_label=\"Formulario de contacto\" use_border_color=\"on\" border_color=\"#dedede\" module_id=\"et_pb_contact_form_0\"][et_pb_contact_field field_id=\"Nombre\" field_title=\"Nombre\" form_field_font=\"||||\" use_border_color=\"off\"][\/et_pb_contact_field][et_pb_contact_field field_id=\"Email\" field_title=\"Direcci\u00f3n de correo electr\u00f3nico\" field_type=\"email\" form_field_font=\"||||\" use_border_color=\"off\"][\/et_pb_contact_field][et_pb_contact_field field_id=\"Mensaje\" field_title=\"Mensaje\" field_type=\"text\" fullwidth_field=\"on\" form_field_font=\"||||\" use_border_color=\"off\"][\/et_pb_contact_field][\/et_pb_contact_form][\/et_pb_column][\/et_pb_row][\/et_pb_section]","_et_gb_content_width":"","footnotes":""},"class_list":["post-5","page","type-page","status-publish","hentry"],"_links":{"self":[{"href":"http:\/\/www.rijopallets.com\/site\/wp-json\/wp\/v2\/pages\/5"}],"collection":[{"href":"http:\/\/www.rijopallets.com\/site\/wp-json\/wp\/v2\/pages"}],"about":[{"href":"http:\/\/www.rijopallets.com\/site\/wp-json\/wp\/v2\/types\/page"}],"author":[{"embeddable":true,"href":"http:\/\/www.rijopallets.com\/site\/wp-json\/wp\/v2\/users\/1"}],"replies":[{"embeddable":true,"href":"http:\/\/www.rijopallets.com\/site\/wp-json\/wp\/v2\/comments?post=5"}],"version-history":[{"count":21,"href":"http:\/\/www.rijopallets.com\/site\/wp-json\/wp\/v2\/pages\/5\/revisions"}],"predecessor-version":[{"id":367,"href":"http:\/\/www.rijopallets.com\/site\/wp-json\/wp\/v2\/pages\/5\/revisions\/367"}],"wp:attachment":[{"href":"http:\/\/www.rijopallets.com\/site\/wp-json\/wp\/v2\/media?parent=5"}],"curies":[{"name":"wp","href":"https:\/\/api.w.org\/{rel}","templated":true}]}}